when 5106 is divided by 1670?
96
Calculate the remainder when 329817 is divided by 79.
71
Calculate the remainder when 433 is divided by 41.
23
Calculate the remainder when 20364 is divided by 16.
12
What is the remainder when 423 is divided by 69?
9
Calculate the remainder when 11801 is divided by 293.
81
Calculate the remainder when 57550 is divided by 8204.
122
What is the remainder when 53453 is divided by 324?
317
Calculate the remainder when 11166 is divided by 2202.
156
Calculate the remainder when 2482 is divided by 167.
144
Calculate the remainder when 39434 is divided by 161.
150
What is the remainder when 254543 is divided by 2860?
3
Calculate the remainder when 397480 is divided by 186.
184
Calculate the remainder when 11937 is divided by 15.
12
What is the remainder when 130963 is divided by 299?
1
Calculate the remainder when 161615 is divided by 182.
181
What is the remainder when 4181 is divided by 4166?
15
What is the remainder when 9937 is divided by 207?
1
Calculate the remainder when 2608 is divided by 2469.
139
Calculate the remainder when 521405 is divided by 18.
17
What is the remainder when 3704 is divided by 102?
32
Calculate the remainder when 1339 is divided by 344.
307
Calculate the remainder when 17517 is divided by 126.
3
Calculate the remainder when 290 is divided by 24.
2
What is the remainder when 347916 is divided by 277?
4
Calculate the remainder when 37597 is divided by 2685.
7
Calculate the remainder when 8571 is divided by 778.
13
What is the remainder when 1824 is divided by 366?
360
What is the remainder when 91386 is divided by 476?
470
What is the remainder when 15486 is divided by 3073?
121
What is the remainder when 16044 is divided by 149?
101
Calculate the remainder when 15427 is divided by 266.
265
What is the remainder when 22829 is divided by 948?
77
Calculate the remainder when 55062 is divided by 13757.
34
Calculate the remainder when 10134 is divided by 1950.
384
What is the remainder when 4262 is divided by 851?
7
Calculate the remainder when 14170 is divided by 189.
184
What is the remainder when 37123 is divided by 99?
97
Calculate the remainder when 205855 is divided by 51.
19
What is the remainder when 44169 is divided by 54?
51
What is the remainder when 28170 is divided by 14077?
16
Calculate the remainder when 714 is divided by 59.
6
Calculate the remainder when 14074 is divided by 352.
346
What is the remainder when 7129 is divided by 249?
157
What is the remainder when 350809 is divided by 268?
265
Calculate the remainder when 10363 is divided by 142.
139
Calculate the remainder when 11780 is divided by 34.
16
What is the remainder when 24228 is divided by 8069?
21
What is the remainder when 664518 is divided by 19?
12
What is the remainder when 3568 is divided by 224?
208
Calculate the remainder when 96265 is divided by 184.
33
What is the remainder when 93848 is divided by 12?
8
What is the remainder when 11985 is divided by 2992?
17
What is the remainder when 33179 is divided by 161?
13
What is the remainder when 29395 is divided by 29379?
16
What is the remainder when 2320 is divided by 235?
205
What is the remainder when 8458 is divided by 180?
178
Calculate the remainder when 1517 is divided by 7.
5
Calculate the remainder when 500497 is divided by 700.
697
What is the remainder when 157988 is divided by 185?
183
What is the remainder when 9144 is divided by 46?
36
Calculate the remainder when 39927 is divided by 13304.
15
Calculate the remainder when 70608 is divided by 110.
98
Calculate the remainder when 19558 is divided by 2793.
7
Calculate the remainder when 14594 is divided by 910.
34
What is the remainder when 29779 is divided by 694?
631
Calculate the remainder when 837009 is divided by 52312.
17
What is the remainder when 151843 is divided by 16869?
22
Calculate the remainder when 207271 is divided by 33.
31
Calculate the remainder when 354678 is divided by 652.
642
What is the remainder when 1188876 is divided by 396287?
15
Calculate the remainder when 786 is divided by 55.
16
What is the remainder when 104036 is divided by 85?
81
Calculate the remainder when 1803 is divided by 97.
57
What is the remainder when 10426 is divided by 43?
20
What is the remainder when 71159 is divided by 53?
33
Calculate the remainder when 33872 is divided by 11254.
110
What is the remainder when 45154 is divided by 12?
10
What is the remainder when 21869 is divided by 81?
80
What is the remainder when 33385 is divided by 93?
91
Calculate the remainder when 20130 is divided by 2546.
2308
Calculate the remainder when 41424 is divided by 174.
12
Calculate the remainder when 5803104 is divided by 385.
384
What is the remainder when 49360 is divided by 1646?
1626
Calculate the remainder when 63278 is divided by 5.
3
What is the remainder when 5328 is divided by 611?
440
What is the remainder when 5769 is divided by 73?
2
What is the remainder when 2960 is divided by 1450?
60
Calculate the remainder when 11168 is divided by 19.
15
What is the remainder when 455783 is divided by 14?
13
What is the remainder when 23483 is divided by 11694?
95
Calculate the remainder when 6234 is divided by 286.
228
Calculate the remainder when 19167 is divided by 151.
141
What is the remainder when 24167 is divided by 281?
1
What is the remainder when 90873 is divided by 11359?
1
Calculate the remainder when 15687 is divided by 7806.
75
Calculate the remainder when 1235192 is divided by 39.
23
Calculate the remainder when 69302 is divided by 415.
412
Calculate the remainder when 2535 is divided by 503.
20
Calculate the remainder when 122377 is divided by 124.
113
Calculate the remainder when 1131274 is divided by 28.
18
What is the remainder when 4855 is divided by 409?
356
Calculate the remainder when 136840 is divided by 19541.
53
Calculate the remainder when 236920 is divided by 244.
240
Calculate the remainder when 7187 is divided by 130.
37
What is the remainder when 41712 is divided by 1351?
1182
What is the remainder when 2619 is divided by 522?
9
Calculate the remainder when 4940 is divided by 1634.
38
What is the remainder when 14444 is divided by 3609?
8
Calculate the remainder when 589 is divided by 553.
36
Calculate the remainder when 189882 is divided by 37.
35
Calculate the remainder when 2346 is divided by 210.
36
Calculate the remainder when 15256 is divided by 6.
4
What is the remainder when 91583 is divided by 2233?
30
Calculate the remainder when 275769 is divided by 16.
9
What is the remainder when 27580 is divided by 6879?
64
Calculate the remainder when 1559 is divided by 1111.
448
What is the remainder when 12059 is divided by 267?
44
Calculate the remainder when 2033315 is divided by 4.
3
Calculate the remainder when 80678 is divided by 14.
10
What is the remainder when 6750 is divided by 840?
30
Calculate the remainder when 8476 is divided by 12.
4
Calculate the remainder when 125849 is divided by 62924.
1
What is the remainder when 18298 is divided by 1662?
16
What is the remainder when 957 is divided by 14?
5
Calculate the remainder when 30724 is divided by 51.
22
Calculate the remainder when 7192 is divided by 256.
24
Calculate the remainder when 6594 is divided by 81.
33
Calculate the remainder when 3725077 is divided by 460.
457
Calculate the remainder when 84634 is divided by 561.
484
Calculate the remainder when 9575 is divided by 69.
53
What is the remainder when 13516 is divided by 795?
1
Calculate the remainder when 84668 is divided by 252.
248
What is the remainder when 7321 is divided by 7304?
17
What is the remainder when 10387 is divided by 88?
3
What is the remainder when 1165 is divided by 49?
38
What is the remainder when 15753 is divided by 5226?
75
What is the remainder when 9257 is divided by 9109?
148
What is the remainder when 10939 is divided by 376?
35
What is the remainder when 967 is divided by 221?
83
Calculate the remainder when 35834 is divided by 42.
8
Calculate the remainder when 41422 is divided by 44.
18
What is the remainder when 115046 is divided by 78?
74
What is the remainder when 53433 is divided by 3338?
25
What is the remainder when 70684 is divided by 1679?
166
Calculate the remainder when 155717 is divided by 738.
737
Calculate the remainde